. Give y(t).
-1
Suppose 3*l + 3*k = -0*l - 3, -4*l - 5*k = 0. Let j(m) = -4*m + 2. Let f be j(0). Let s(b) = -b**2 + 4*b + 3*b**3 - 4*b**3 - 3*b**f + 1. Determine s(l).
6
Let o(c) = -c**2 - 10*c. Let j(k) = -12*k**2 - 11*k. Let r(u) = -j(u) + o(u). Give r(1).
12
Let u = 431 + -429. Let d(a) be the third derivative of 0*a - 4*a**u + 1/12*a**4 + 0 + 1/2*a**3. Determine d(-4).
-5
Let z(c) be the first derivative of 8 + c**2 + 1/6*c**3 - 1/12*c**4 + 7*c. Let p(v) be the first derivative of z(v). Determine p(-2).
-4
Let g(k) = -2*k**2 + 23*k - 10. Let j(t) = -t**2 - 8*t + 11. Let n be j(-8). Let m be g(n). Let z(o) = -6*o**2 + 1. Give z(m).
-5
Let d(s) = -s**2 - 4*s - 4. Suppose 60 + 20 = 5*n. Suppose 65 + 15 = -n*i. What is d(i)?
-9
Let y(o) = 3*o - 2*o - 3 + 4 + 3*o. Suppose 0 = 3*v - 4 - 11, -3*v + 5 = -5*t. Suppose k - t*m = 0, -k = k + 2*m + 6. Give y(k).
-7
Let t(s) = -2*s + 2468 + 5*s - 2457. What is t(-8)?
-13
Let c(r) = r**2 - 6*r. Let z be c(6). Let y(p) be the first derivative of -p**4/4 + 10*p + 325. Give y(z).
10
Let z(r) = 3*r + 1. Let i(k) = 4*k**3 - 4*k + 3. Let o(v) = 3*v**3 - 3*v + 3. Let u(y) = 6*i(y) - 7*o(y). Let x be u(-1). Calculate z(x).
-8
Let u(v) be the third derivative of 3*v**4/8 + 3*v**2 + 18. What is u(-1)?
-9
Let v(m) = 4*m. Let j(y) be the third derivative of -y**6/120 + y**5/10 - y**4/24 + 5*y**3/6 - 11*y**2. Let w be j(6). What is v(w)?
-4
Let l = -47 + 51. Let o(c) = c**3 - 7*c**2 + 5*c + 4. Give o(l).
-24
Suppose 4*p - 11 - 5 = 0. Suppose -p*j - 2 + 3 = 3*k, -2*j + 18 = -2*k. Suppose 2*a - j*a = q - 14, -q = -2*a + 6. Let r(m) = m**2 - 2*m - 7. What is r(a)?
8
Let a = -70 + 81. Let v = -16 + a. Let r(z) = z**2 + 6*z + 4. Calculate r(v).
-1
Let r(g) = 7*g + 2. Suppose -i = i, -i = -f - 6. Let p(y) = -y. Let h(c) = f*p(c) - r(c). Give h(5).
-7
Let h = -14 - -18. Suppose -h*l = -2*k - 18 - 6, 4*k = 5*l - 24. Suppose -16 = -4*w, l*j + 3*w - 36 = 4*j. Let c(x) = x**2 - 4*x - 7. What is c(j)?
5
Let w(q) = q**2 - 3*q + 2. Let d be w(5). Suppose 2*v + 6 = -d. Let l = -14 - v. Let u(z) = z**3 + 5*z**2 - z + 5. What is u(l)?
10
Suppose 6*a = -2*a + 64. Let s(y) = a*y - 5*y + 4*y - y. Determine s(-1).
-6
Suppose -9*h = 308 - 947. Let j = h + -73. Let u(k) = k**3 + 2*k**2 - 2*k - 1. What is u(j)?
3
Let b(x) = -2*x + 7. Let n be b(-4). Let w = n - 19. Let y(r) = -r - 1. Let k be y(w). Let v(d) = -d**2 + 4*d + 3. Give v(k).
6
Suppose -4*d - 4*f + 4 = -0, -2*f + 4 = 3*d. Let g be d/(2/(-1) + 3). Let o(i) = -i - 1. Let r(c) = 9*c + 7. Let n(t) = -5*o(t) - r(t). Calculate n(g).
-10
Let g(v) = v**3 + v**2 + v + 17. Suppose 15 = -f + 3*w, -54*w + 57*w - 15 = -3*f. Calculate g(f).
17
Let o(n) = 10*n**2 - 31*n + 13. Let q(u) = -5*u**2 + 17*u - 7. Let m(d) = -6*o(d) - 11*q(d). Calculate m(-1).
-5
Let c = -736 - -727. Let p(o) = o**2 + 9*o. Determine p(c).
0
Let d = -76 - -78. Let j(y) = 6*y - 4*y**d + 3*y**2 + 8 + 2*y**2. Give j(-6).
8
Suppose 0 = 32*l + 117 + 75. Let p(x) = -6*x - 33. What is p(l)?
3
Suppose -8*o - 5 = 3. Let m(d) = 2*d + 3. Determine m(o).
1
Suppose 4*l = 3*a, 13 = a + 3*l + 26. Let v(p) = p**3 + 4*p**2 + p + 2. What is v(a)?
-2
Let s(c) = 2 - 5*c - 5 + 4. Let k = -15191 - -15190. Determine s(k).
6
Suppose 2*k = 12 - 4. Let c be -2*(45/2)/(-9). Let y(r) = 28 - 23 + k*r**2 - 2*r - c*r - r**3 + 4*r. What is y(4)?
-7
Let s(r) be the second derivative of -r**6/120 + 7*r**5/60 - r**3 + 13*r**2/2 + 12*r. Let h(a) be the first derivative of s(a). Give h(7).
-6
Let l = -6 + 13. Let t(k) = k**3 - 7*k**2 - 10. Calculate t(l).
-10
Let b(j) = -j. Let r = -771 - -767. Determine b(r).
4
Let f be (-4)/(-26) - (-2)/(-13). Suppose z + f*z - 1 = 2*w, -2*z = 2*w - 2. Let b(y) = -y - 3 + 3 - 6 - 2. Calculate b(w).
-8
Let k(d) = -d**3 + 3*d**2 + 5*d - 2. Let l be k(4). Suppose -z + 6 = l*z. Let h(c) = 0*c**2 + 6*c**3 - 5 - 4*c**z - 3*c**3 - 3*c - 2*c**3. Determine h(5).
5
Let d be 1/((-8)/12*1/(-2)). Let o(r) = 2*r. Give o(d).
6
Let c(z) = 15*z**3 - z**2 + 1. Let x(u) = -u**2 + 2*u. Let f(j) = -c(j) + x(j). Determine f(1).
-14
Let g(j) = 3*j + 5. Let h be g(4). Suppose -21 + h = -2*b. Let w(t) = -2*t**3 - b*t - 5*t**2 + 3*t**3 + 5*t + 2 - 4. Calculate w(5).
13
Let j(l) = -5*l**3. Let k(t) = -2*t + 31 - 47 + 49. Let c be k(17). Determine j(c).
5
Suppose -3*n - 21 = 5*j, 1 + 1 = -2*j + 2*n. Let t(g) = -g**2 + 5*g + 4. Calculate t(j).
-20
Let n(u) be the second derivative of -1/6*u**3 - 9/2*u**2 + 17*u + 0. Give n(-6).
-3
Let b = -5 + 7. Let m(r) be the third derivative of -r**6/120 + r**4/24 + r**3/3 + 82*r**2. Calculate m(b).
-4
Let w(a) be the second derivative of a**4/12 - a**2 + 4*a. Let v = -3 + 5. Let k(l) = l + 1. Let b(i) = v*k(i) + w(i). Give b(-1).
-1
Suppose 2*g + 10 = 3*f, 2*g + 14 = 5*f - 0*g. Let r(v) = 1 - f + 5 - v + 6*v - 3*v**2. Let i(q) = 2*q**2 - 5*q - 4. Let x(b) = -4*i(b) - 3*r(b). What is x(-4)?
0
Let t = 44 + -41. Suppose -4*r - 12 = 2*k, t*r = -2*k + 2*r - 9. Let n(g) = g**2 + 9*g + 2. What is n(k)?
-18
Suppose 26 = 2*v + 5*l, -22*v + 18*v - 4 = -4*l. Let h(p) = p**3 - 4*p**2 + 4*p + 9. Calculate h(v).
12
Suppose 0 = -5*s + 15*s - 30. Let r(t) = 1 + 3*t + s*t - 13*t + 2*t**2 + 8*t. Give r(3).
22
Let p = 24 + -3. Let l = p + -26. Let j(w) = -w**2 - 7*w - 1. Let r(a) = -a - 1. Let h(t) = j(t) - 4*r(t). Determine h(l).
-7
Suppose 0 = -m - 0*m + 3. Let p(j) = 3 - j - 7 + 4*j**m - 2*j**2 - 3*j**3. Let d(s) = s**3 + 3*s**2 - 6*s - 5. Let z be d(-4). What is p(z)?
2
Let b(m) = -m**2 - 7*m + 5. Suppose -66*u - 63 = -57*u. Determine b(u).
5
Let l(z) = -z**2 + 7*z + 7. Suppose 50 - 12 = 5*k + w, 0 = 5*k + 5*w - 50. Let d be l(k). Let a(t) = -t + 5. Calculate a(d).
-2
Let l be (-3)/1 - (10 - -9). Let a = -10 - l. Let q = 10 - a. Let p(r) = r**2 + r + 2. What is p(q)?
4
Let v = -200 - -203. Let u(n) be the third derivative of 1/3*n**v - 1/8*n**4 - 1/120*n**6 - 5*n**2 + 0 + 0*n + 1/20*n**5. Determine u(2).
0
Let c(p) = -2*p - 1. Suppose -13*g = -14*g + 2. Let t be (g/2)/(1 - 2)*2. Calculate c(t).
3
Let b(f) = 5*f - 9. Let t be b(3). Let n(q) = q**2 - 3*q - 13. Determine n(t).
5
Let x(y) = -2*y - 1. Let k(n) = -1. Let j = 14 - 20. Let m be 1/3 - j/9. Let d(f) = m*x(f) + 6*k(f). Give d(-5).
3
Let r(j) = -6*j - 10*j - 2 + 7*j + 10*j. Calculate r(-4).
-6
Let l(a) be the third derivative of a**6/120 - 3*a**5/20 + a**4/3 + a**3 - 70*a**2 - 2. What is l(8)?
6
Let c(x) be the second derivative of -2*x**3 - x**2/2 + x. Let j be 1 + (-20)/70*7. Give c(j).
11
Let c(u) be the third derivative of u**6/120 + u**5/6 + u**4/12 + 5*u**3/2 - 2*u**2 - 5. Determine c(-10).
-5
Let b(z) = z - 2. Let x(c) be the second derivative of -c**5/20 + 5*c**4/12 + 7*c**3/6 - 9*c**2/2 + 12*c. Let u be x(6). Determine b(u).
-5
Let c(m) = -2*m**2 + 8*m + 21. Let d(l) = l**2 - 4*l - 10. Let q(n) = -4*c(n) - 9*d(n). Let v = 46 + -40. Calculate q(v).
-6
Let o(w) = -2*w**3 + 7 + 12*w**2 - 23 + 2*w + w**3. Let v be 16/(64/(-6))*-8. Calculate o(v).
8
Let h(w) = w**3 - 4*w**2 - 9*w + 33. Let y be h(4). Let j(z) = 3*z + 1. Determine j(y).
-8
Let j(h) = -h**3 + 6*h**2 - 2*h + 9. Suppose -5*y - 3*c = -15, 4*y - 2*c - 45 + 11 = 0. Calculate j(y).
-3
Let o(u) be the third derivative of u**6/120 - 2*u**5/15 - 7*u**4/24 + 7*u**3/6 - 3*u**2 + 7*u. Determine o(9).
25
Let o(b) be the third derivative of b**5/60 + b**4/8 - b**3/3 + 12*b**2. Let p(n) = 3*n**2 + 8*n - 5. Let k(w) = -11*o(w) + 4*p(w). Calculate k(2).
4
Let k(x) = 3*x + 2. Let d be k(1). Let t(z) = -1 - 9*z + 17*z - d*z - 4*z. Give t(-4).
3
Let s = -30 + 5. Let k = 27 + s. Suppose 0 = 6*d - k*d - 20. Let n(a) = -a**2 + 5*a + 2. What is n(d)?
2
Suppose 11*r = -5*r + 64. Let l(s) = -s + 7. Determine l(r).
3
Let i(m) = 3*m + m + 17 - 6*m. Let j be i(8). Let d(f) = 1 - 2*f + 3 - 3. Calculate d(j).
-1
Let h(t) = -3*t - t + 3*t + 731 - 736. Calculate h(-5).
0
Let a(k) = k**3 + k + 29. Let b be a(0). Let p = b + -18. Suppose s = -4, -5*m - 21 = 3*s + p. Let u(x) = x**2 + 4*x + 2. Give u(m).
2
Suppose -216*u + 10 = -218*u. Let a(y) = -y - 3. What is a(u)?
2
Let l(y) = 2*y + 3. Let g be l(0). Let f be g*(-3)/18*-20. Let z(b) = 3*b**2 - 12 + 3*b**2 + f - b**3. Determine z(6).
-2
Let x(s) be the first derivative of s**4/4 + 5*s**3/3 - 5*s**2/2 + s + 478. What is x(-6)?
-5
Suppose -2*o = -3*o - 14. Let u be (-2)/o - 48/(-